{"id":605,"date":"2022-05-17T12:26:09","date_gmt":"2022-05-17T10:26:09","guid":{"rendered":"https:\/\/rita-comics.com\/?page_id=605"},"modified":"2022-05-17T12:29:36","modified_gmt":"2022-05-17T10:29:36","slug":"les-jeudis-rita","status":"publish","type":"page","link":"https:\/\/rita-comics.com\/?page_id=605","title":{"rendered":"Les Jeudis Rita"},"content":{"rendered":"\n<figure class=\"wp-block-table\"><table><tbody><tr><td>Depuis octobre 2021, Rita organise environ une fois par mois une soir\u00e9e \u00e9v\u00e9nementielle croisant dessin, musique et textes. Des exp\u00e9rimentations tr\u00e8s diff\u00e9rentes selon les sessions, concerts dessin\u00e9s, r\u00e9alisation d\u2019un roman photo post-apocalyptique, cr\u00e9ation d\u2019un recueil po\u00e9tique participatif en direct, fresque dans\u00e9e\u2026 \u00a1 Noches muy alegres !<br><br>Et \u00e7a se passe \u00e0 Comme Vous \u00c9moi \/ Caf\u00e9 Culture l\u2019\u00c9l\u00e9phant, <br>5 rue de la R\u00e9volution, 93100 Montreuil<\/td><td>jeudis-rita<\/td><\/tr><\/tbody><\/table><\/figure>\n\n\n\n<figure class=\"wp-block-image size-large is-resized\"><img loading=\"lazy\" decoding=\"async\" src=\"https:\/\/rita-comics.com\/wp-content\/uploads\/2022\/05\/test-roman-photo-1024x683.jpg\" alt=\"\" class=\"wp-image-603\" width=\"1002\" height=\"668\" srcset=\"https:\/\/rita-comics.com\/wp-content\/uploads\/2022\/05\/test-roman-photo-1024x683.jpg 1024w, https:\/\/rita-comics.com\/wp-content\/uploads\/2022\/05\/test-roman-photo-300x200.jpg 300w, https:\/\/rita-comics.com\/wp-content\/uploads\/2022\/05\/test-roman-photo-768x512.jpg 768w, https:\/\/rita-comics.com\/wp-content\/uploads\/2022\/05\/test-roman-photo-1536x1024.jpg 1536w, https:\/\/rita-comics.com\/wp-content\/uploads\/2022\/05\/test-roman-photo-350x233.jpg 350w, https:\/\/rita-comics.com\/wp-content\/uploads\/2022\/05\/test-roman-photo-90x60.jpg 90w, https:\/\/rita-comics.com\/wp-content\/uploads\/2022\/05\/test-roman-photo-135x90.jpg 135w, https:\/\/rita-comics.com\/wp-content\/uploads\/2022\/05\/test-roman-photo.jpg 1701w\" sizes=\"auto, (max-width: 767px) 89vw, (max-width: 1000px) 54vw, (max-width: 1071px) 543px, 580px\" \/><figcaption>Jeudi Rita Post-Apo : un roman photo \/ 5 mai 2022<\/figcaption><\/figure>\n","protected":false},"excerpt":{"rendered":"<p>Depuis octobre 2021, Rita organise environ une fois par mois une soir\u00e9e \u00e9v\u00e9nementielle croisant dessin, musique et textes. Des exp\u00e9rimentations tr\u00e8s diff\u00e9rentes selon les sessions, concerts dessin\u00e9s, r\u00e9alisation d\u2019un roman photo post-apocalyptique, cr\u00e9ation d\u2019un recueil po\u00e9tique participatif en direct, fresque dans\u00e9e\u2026 \u00a1 Noches muy alegres ! Et \u00e7a se passe \u00e0 Comme Vous \u00c9moi \/ &hellip; <\/p>\n<p class=\"link-more\"><a href=\"https:\/\/rita-comics.com\/?page_id=605\" class=\"more-link\">Continuer la lecture<span class=\"screen-reader-text\"> de &laquo;&nbsp;Les Jeudis Rita&nbsp;&raquo;<\/span><\/a><\/p>\n","protected":false},"author":1,"featured_media":0,"parent":0,"menu_order":0,"comment_status":"closed","ping_status":"closed","template":"","meta":{"footnotes":""},"class_list":["post-605","page","type-page","status-publish","hentry"],"_links":{"self":[{"href":"https:\/\/rita-comics.com\/index.php?rest_route=\/wp\/v2\/pages\/605","targetHints":{"allow":["GET"]}}],"collection":[{"href":"https:\/\/rita-comics.com\/index.php?rest_route=\/wp\/v2\/pages"}],"about":[{"href":"https:\/\/rita-comics.com\/index.php?rest_route=\/wp\/v2\/types\/page"}],"author":[{"embeddable":true,"href":"https:\/\/rita-comics.com\/index.php?rest_route=\/wp\/v2\/users\/1"}],"replies":[{"embeddable":true,"href":"https:\/\/rita-comics.com\/index.php?rest_route=%2Fwp%2Fv2%2Fcomments&post=605"}],"version-history":[{"count":4,"href":"https:\/\/rita-comics.com\/index.php?rest_route=\/wp\/v2\/pages\/605\/revisions"}],"predecessor-version":[{"id":610,"href":"https:\/\/rita-comics.com\/index.php?rest_route=\/wp\/v2\/pages\/605\/revisions\/610"}],"wp:attachment":[{"href":"https:\/\/rita-comics.com\/index.php?rest_route=%2Fwp%2Fv2%2Fmedia&parent=605"}],"curies":[{"name":"wp","href":"https:\/\/api.w.org\/{rel}","templated":true}]}}

<figure class="wp-block-table"><table><tbody><tr><td>Depuis octobre 2021, Rita organise environ une fois par mois une soirée événementielle croisant dessin, musique et textes. Des expérimentations très différentes selon les sessions, concerts dessinés, réalisation d’un roman photo post-apocalyptique, création d’un recueil poétique participatif en direct, fresque dansée… ¡ Noches muy alegres !<br><br>Et ça se passe à Comme Vous Émoi / Café Culture l’Éléphant, <br>5 rue de la Révolution, 93100 Montreuil</td><td>jeudis-rita</td></tr></tbody></table></figure>



<figure class="wp-block-image size-large is-resized"><img loading="lazy" decoding="async" src="https://rita-comics.com/wp-content/uploads/2022/05/test-roman-photo-1024x683.jpg" alt="" class="wp-image-603" width="1002" height="668" srcset="https://rita-comics.com/wp-content/uploads/2022/05/test-roman-photo-1024x683.jpg 1024w, https://rita-comics.com/wp-content/uploads/2022/05/test-roman-photo-300x200.jpg 300w, https://rita-comics.com/wp-content/uploads/2022/05/test-roman-photo-768x512.jpg 768w, https://rita-comics.com/wp-content/uploads/2022/05/test-roman-photo-1536x1024.jpg 1536w, https://rita-comics.com/wp-content/uploads/2022/05/test-roman-photo-350x233.jpg 350w, https://rita-comics.com/wp-content/uploads/2022/05/test-roman-photo-90x60.jpg 90w, https://rita-comics.com/wp-content/uploads/2022/05/test-roman-photo-135x90.jpg 135w, https://rita-comics.com/wp-content/uploads/2022/05/test-roman-photo.jpg 1701w" sizes="auto, (max-width: 767px) 89vw, (max-width: 1000px) 54vw, (max-width: 1071px) 543px, 580px" /><figcaption>Jeudi Rita Post-Apo : un roman photo / 5 mai 2022</figcaption></figure>

<p>Depuis octobre 2021, Rita organise environ une fois par mois une soirée événementielle croisant dessin, musique et textes. Des expérimentations très différentes selon les sessions, concerts dessinés, réalisation d’un roman photo post-apocalyptique, création d’un recueil poétique participatif en direct, fresque dansée… ¡ Noches muy alegres ! Et ça se passe à Comme Vous Émoi / &hellip; </p>
<p class="link-more"><a href="https://rita-comics.com/?page_id=605" class="more-link">Continuer la lecture<span class="screen-reader-text"> de &laquo;&nbsp;Les Jeudis Rita&nbsp;&raquo;</span></a></p>
