{"id":561,"date":"2022-05-06T17:18:16","date_gmt":"2022-05-06T15:18:16","guid":{"rendered":"https:\/\/rita-comics.com\/?post_type=product&#038;p=561"},"modified":"2022-05-06T17:18:48","modified_gmt":"2022-05-06T15:18:48","slug":"rita-057","status":"publish","type":"product","link":"https:\/\/rita-comics.com\/?product=rita-057","title":{"rendered":"Rita #0:57"},"content":{"rendered":"<p>Il est enfin arriv\u00e9, le nouveau num\u00e9ro de Rita, avec pour th\u00e9matique &#8220;L&#8217;horaire, l&#8217;horreur&#8221;!<br \/>\nUn recueil principal de 102 pages, le suppl\u00e9ment <em>La R\u00e9publique po\u00e9tique<\/em>, 20 pages en double format, et le poster <em>Ab\u00e9c\u00e9daire de la catastrophe<\/em> sign\u00e9 Thierry Bedouet.<br \/>\nLe tout enserr\u00e9 dans la jaquette s\u00e9rigraphi\u00e9e par Frank Margerie et sign\u00e9e Charles Berb\u00e9rian.<\/p>\n<p>Ont particip\u00e9 \u00e0 ce num\u00e9ro : Charles Berberian \/ Ga\u00eblle Gestin \/ Thierry Bou\u00fcaert \/ Shobo Shobo \/ Marie-C\u00e9line Rey \/ St\u00e9phane Trapier \/ Patricia Bastit aka Brouette Hurlante \/ Ang\u00e9lique Daffix \/ Olivia Decorte \/ Fabcaro \/ Gabriel Delmas \/ Jean-Luc Cattacin \/ David Gelot \/ Jeff Pourqui\u00e9 \/ Caroline Bouyer \/ Stefano Zago \/ Alexis Horellou \/ Thomas Gosselin \/ Pixel Vengeur \/ St\u00e9phane Bouillet \/ \u00c9meline Sauvaget \/ Tanguy Ferrand \/ \u00c9tienne L\u00e9croart \/ Gilles Muller \/ Roberto Esponja \/ Brigitte Luciani \/ L\u00e9onie Lob \/ Jorge Gonzales \/ S\u00e9bastien Ruiz \/ Laurent Gaudart \/ C\u00e9line Wagner \/ Pascal Quignard \/ Jampur Fraize \/ Luiza Lehman \/ Jean Bourguignon \/ Vincent Andrieu \/ Thierry Bedouet.<br \/>\nLa R\u00e9publique Po\u00e9tique : Cartographie collective de Val\u00e9rie Barrios \/ \u00c9va Ferrand \/ Tanguy Ferrand \/ Jean-Marc Le Cohue \/ Jeff Pourqui\u00e9 \/ MC Rey \/ Stefano Zago. Textes de Val\u00e9rie Barrios \/ \u00cfan Larue \/ Marc Andriort \/ G\u00e9rad Berreby \/ Brice Faucon \/ David Gelot \/ Jan Lenwers \/ Juliana Mejia \/\u2028Dominique Bornhauser \/ Jeff Pourqui\u00e9 \/ Ang\u00e9lique Daffix. Images de MC Rey \/ Marc Andriot \/ Jeff Pourqui\u00e9 \/ David Gelot \/ Claire Chauvel \/ Caroline Bouyer \/ Stefano Zago \/ St\u00e9phane Mercier \/ Alino\u00eb Lob-Alvarez. <\/p>\n","protected":false},"excerpt":{"rendered":"<p>Rita #0:57 &#8220;L&#8217;horaire, l&#8217;horreur&#8221;, <em>La R\u00e9publique po\u00e9tique<\/em>, le poster <em>Ab\u00e9c\u00e9daire de la catastrophe<\/em> <\/p>\n","protected":false},"featured_media":562,"comment_status":"closed","ping_status":"closed","template":"","meta":[],"product_brand":[],"product_cat":[17,33],"product_tag":[],"class_list":{"0":"post-561","1":"product","2":"type-product","3":"status-publish","4":"has-post-thumbnail","6":"product_cat-rita","7":"product_cat-rita-la-revue","9":"first","10":"instock","11":"shipping-taxable","12":"purchasable","13":"product-type-simple"},"_links":{"self":[{"href":"https:\/\/rita-comics.com\/index.php?rest_route=\/wp\/v2\/product\/561","targetHints":{"allow":["GET"]}}],"collection":[{"href":"https:\/\/rita-comics.com\/index.php?rest_route=\/wp\/v2\/product"}],"about":[{"href":"https:\/\/rita-comics.com\/index.php?rest_route=\/wp\/v2\/types\/product"}],"replies":[{"embeddable":true,"href":"https:\/\/rita-comics.com\/index.php?rest_route=%2Fwp%2Fv2%2Fcomments&post=561"}],"wp:featuredmedia":[{"embeddable":true,"href":"https:\/\/rita-comics.com\/index.php?rest_route=\/wp\/v2\/media\/562"}],"wp:attachment":[{"href":"https:\/\/rita-comics.com\/index.php?rest_route=%2Fwp%2Fv2%2Fmedia&parent=561"}],"wp:term":[{"taxonomy":"product_brand","embeddable":true,"href":"https:\/\/rita-comics.com\/index.php?rest_route=%2Fwp%2Fv2%2Fproduct_brand&post=561"},{"taxonomy":"product_cat","embeddable":true,"href":"https:\/\/rita-comics.com\/index.php?rest_route=%2Fwp%2Fv2%2Fproduct_cat&post=561"},{"taxonomy":"product_tag","embeddable":true,"href":"https:\/\/rita-comics.com\/index.php?rest_route=%2Fwp%2Fv2%2Fproduct_tag&post=561"}],"curies":[{"name":"wp","href":"https:\/\/api.w.org\/{rel}","templated":true}]}}

<p>Il est enfin arrivé, le nouveau numéro de Rita, avec pour thématique &#8220;L&#8217;horaire, l&#8217;horreur&#8221;!<br />
Un recueil principal de 102 pages, le supplément <em>La République poétique</em>, 20 pages en double format, et le poster <em>Abécédaire de la catastrophe</em> signé Thierry Bedouet.<br />
Le tout enserré dans la jaquette sérigraphiée par Frank Margerie et signée Charles Berbérian.</p>
<p>Ont participé à ce numéro : Charles Berberian / Gaëlle Gestin / Thierry Bouüaert / Shobo Shobo / Marie-Céline Rey / Stéphane Trapier / Patricia Bastit aka Brouette Hurlante / Angélique Daffix / Olivia Decorte / Fabcaro / Gabriel Delmas / Jean-Luc Cattacin / David Gelot / Jeff Pourquié / Caroline Bouyer / Stefano Zago / Alexis Horellou / Thomas Gosselin / Pixel Vengeur / Stéphane Bouillet / Émeline Sauvaget / Tanguy Ferrand / Étienne Lécroart / Gilles Muller / Roberto Esponja / Brigitte Luciani / Léonie Lob / Jorge Gonzales / Sébastien Ruiz / Laurent Gaudart / Céline Wagner / Pascal Quignard / Jampur Fraize / Luiza Lehman / Jean Bourguignon / Vincent Andrieu / Thierry Bedouet.<br />
La République Poétique : Cartographie collective de Valérie Barrios / Éva Ferrand / Tanguy Ferrand / Jean-Marc Le Cohue / Jeff Pourquié / MC Rey / Stefano Zago. Textes de Valérie Barrios / Ïan Larue / Marc Andriort / Gérad Berreby / Brice Faucon / David Gelot / Jan Lenwers / Juliana Mejia / Dominique Bornhauser / Jeff Pourquié / Angélique Daffix. Images de MC Rey / Marc Andriot / Jeff Pourquié / David Gelot / Claire Chauvel / Caroline Bouyer / Stefano Zago / Stéphane Mercier / Alinoë Lob-Alvarez. </p>

<p>Rita #0:57 &#8220;L&#8217;horaire, l&#8217;horreur&#8221;, <em>La République poétique</em>, le poster <em>Abécédaire de la catastrophe</em> </p>
