{"id":751,"date":"2024-10-18T21:31:37","date_gmt":"2024-10-18T19:31:37","guid":{"rendered":"https:\/\/rita-comics.com\/?post_type=product&#038;p=751"},"modified":"2025-09-08T10:53:48","modified_gmt":"2025-09-08T08:53:48","slug":"dessins-de-carnets-stephane-mercier-comac-editions","status":"publish","type":"product","link":"https:\/\/rita-comics.com\/?product=dessins-de-carnets-stephane-mercier-comac-editions","title":{"rendered":"Dessins de carnets, St\u00e9phane Mercier"},"content":{"rendered":"<p>Dans la d\u00e9j\u00e0 fameuse collection Comac-Comaq-Comax dirig\u00e9e par Jean-Marc Le Cohu\u00e9, <em>Dessins de carnets<\/em> nous pr\u00e9sente les foisonnantes pages de St\u00e9phane Mercier, combinaisons ludiques de notations spontan\u00e9es, de r\u00e9flexions au vol autour d&#8217;un quotidien vaguement extraterrestre, crobards vigoureux au graphisme souple et jovial, quoique teint\u00e9 de m\u00e9lancolie je trouve.<br \/>\nCouverture couleur, 24 pages N&amp;B, septembre 2024.<\/p>\n","protected":false},"excerpt":{"rendered":"<p>Des pages foisonnantes sign\u00e9es St\u00e9phane Mercier, <em>Dessins de carnets<\/em> aux \u00e9ditions COMAq.<\/p>\n","protected":false},"featured_media":752,"comment_status":"closed","ping_status":"closed","template":"","meta":[],"product_brand":[],"product_cat":[39],"product_tag":[],"class_list":{"0":"post-751","1":"product","2":"type-product","3":"status-publish","4":"has-post-thumbnail","6":"product_cat-comac","8":"first","9":"instock","10":"shipping-taxable","11":"purchasable","12":"product-type-simple"},"_links":{"self":[{"href":"https:\/\/rita-comics.com\/index.php?rest_route=\/wp\/v2\/product\/751","targetHints":{"allow":["GET"]}}],"collection":[{"href":"https:\/\/rita-comics.com\/index.php?rest_route=\/wp\/v2\/product"}],"about":[{"href":"https:\/\/rita-comics.com\/index.php?rest_route=\/wp\/v2\/types\/product"}],"replies":[{"embeddable":true,"href":"https:\/\/rita-comics.com\/index.php?rest_route=%2Fwp%2Fv2%2Fcomments&post=751"}],"wp:featuredmedia":[{"embeddable":true,"href":"https:\/\/rita-comics.com\/index.php?rest_route=\/wp\/v2\/media\/752"}],"wp:attachment":[{"href":"https:\/\/rita-comics.com\/index.php?rest_route=%2Fwp%2Fv2%2Fmedia&parent=751"}],"wp:term":[{"taxonomy":"product_brand","embeddable":true,"href":"https:\/\/rita-comics.com\/index.php?rest_route=%2Fwp%2Fv2%2Fproduct_brand&post=751"},{"taxonomy":"product_cat","embeddable":true,"href":"https:\/\/rita-comics.com\/index.php?rest_route=%2Fwp%2Fv2%2Fproduct_cat&post=751"},{"taxonomy":"product_tag","embeddable":true,"href":"https:\/\/rita-comics.com\/index.php?rest_route=%2Fwp%2Fv2%2Fproduct_tag&post=751"}],"curies":[{"name":"wp","href":"https:\/\/api.w.org\/{rel}","templated":true}]}}